x) be the second derivative of x**4/12 - 7*x**3/6 - 17*x**2/2 + 1152*x + 2. Calculate s(-2).
1
Let q(z) = 10 + 1 + 5 + 0 + 2 + z. Give q(0).
18
Let x(t) = -t**2 - 12*t + 29. Suppose 94 = 40*z + 654. Let b be x(z). Let q(n) = -8*n**2 - 2*n + 2. What is q(b)?
-8
Let g(i) = 3*i**2 + i - 6. Let k(m) = 12*m**2 + 5*m - 25. Let v(y) = 9*g(y) - 2*k(y). Let b(s) = 45*s + 362. Let d be b(-8). Determine v(d).
6
Suppose 2*q = 2*l + 12, -4*q + l - 23 = -59. Let r(m) = -m**3 + 11*m**2 - 10*m - 13. Give r(q).
-13
Let w = -116 - -119. Suppose 3*x = -6*u + w*u - 12, 2*u = -3*x - 12. Let k(o) = o - 2. Determine k(x).
-6
Suppose 0 = 4*n - 4*c + 2*c - 140, 3*n = -3*c + 105. Let d(y) = -65*y**3 + 32*y**3 + n*y**3 - y. Calculate d(-2).
-14
Let d(j) = -j**3 + 13*j**2 + 5*j - 37. Let r = -8466 + 8479. Calculate d(r).
28
Suppose -1444*z = -1428*z + 144. Let p(t) = t**3 + 9*t**2 - t + 4. Calculate p(z).
13
Suppose -83 + 163 = -9*c - 82. Let q(v) = -v**3 - 18*v**2 + v + 4. Determine q(c).
-14
Let i = -1623 + 1625. Let m(n) = 2*n**2 + 28*n - 56. Determine m(i).
8
Let i(m) be the third derivative of -m**4/12 - 13*m**3/6 - 231*m**2. Determine i(5).
-23
Let c(h) = 0 + 3*h - 3*h - 9 + 4*h. Let w(p) = -p**3 + 27*p**2 - 25*p - 20. Let u be w(26). Give c(u).
15
Suppose -7101*t = -7103*t - 1 - 11. Let x(u) be the second derivative of -5*u**3/6 - 6*u**2 - 4*u. Calculate x(t).
18
Suppose 4*z + 8 = -13*x + 17*x, 5*z - 4*x + 7 = 0. Suppose -g = -k, -4*k + 11 - 4 = 3*g. Let d(l) = -g + 1 - 6*l. What is d(z)?
-6
Let p(r) = 2*r - 2*r - 248 + 60 + 7*r - 12*r. Give p(-44).
32
Let n(i) = -7*i + 2. Let d be (-6)/((333/(-54) - 20/15) + 9). What is n(d)?
30
Suppose -a + 6*a - 10 = 0. Let k(d) = 12*d**2 + 4*d - 5. Let h be k(a). Let p = -53 + h. Let n(w) = -12*w - 3. What is n(p)?
21
Suppose -3*n - 12 = 0, -116*f - 2*n - 3 = -111*f. Let d be 6 - f - ((1 - -3) + 1). Let v(r) = r**2. Give v(d).
0
Suppose p + 7 = 4*q, 307*q + 2*p = 303*q - 2. Let y(c) be the first derivative of 4*c**3/3 - c - 3. What is y(q)?
3
Let t(v) be the first derivative of v**2/2 + 4*v + 1. Let d(h) = h**2 - 22*h - 46. Let g be d(24). Suppose -g*n - 10 + 4 = 0. Determine t(n).
1
Suppose -6*w + 57 - 99 = 0. Let o(p) = -8*p - 56. Calculate o(w).
0
Let k(n) = 12*n**2 + 2596612 - n**3 - 2596627 + 9*n - 31*n. What is k(10)?
-35
Let w(y) be the first derivative of y**4/4 - 26*y**3/3 - 14*y**2 + 26*y - 10984. Calculate w(27).
-1
Let r(y) = -21*y**3 - 4*y**2 - 12*y - 14. Let u(n) = 10*n**3 - 2*n**2 - 2. Let w(k) = r(k) + 2*u(k). Determine w(-6).
-18
Let n(a) = 39*a + 399. Let m(q) = -25*q - 199. Let r(v) = -5*m(v) - 3*n(v). Determine r(25).
-2
Let y(t) = -t**3 + 7*t**2 - 5*t - 6. Let x be y(6). Let s(a) be the first derivative of -a**4/4 + a**2/2 + 3873. Calculate s(x).
0
Let s(w) = w**3 + 68*w**2 - 67*w + 142. Let j be -11 - 20/5*(-58)/(-4). Calculate s(j).
4
Suppose 4*p - 13 - 19 = 0. Let s(q) = 20*q - 9. Let h(r) = -3*r + 11. Let y be h(3). Let x(z) = 14*z - 8. Let w(v) = y*s(v) - 3*x(v). Give w(p).
-10
Let p(r) = -r**3 - 6*r**2 + 11*r. Let u(x) = -x**3 + 15*x**2 - 14*x - 8. Let b be u(14). Let v be p(b). Let m = 36 - v. Let c(t) = t + 1. Calculate c(m).
-3
Let i(x) = -141*x + 67*x - 21 + 52*x - 42 - 8. Calculate i(-3).
-5
Let w(a) = -3*a + 10. Let t = 115 + -113. Suppose 0 = 2*j + t*o - 18, -16 = -j + 2*j - 4*o. Calculate w(j).
-2
Let m(p) = 86*p**2 + 29*p + 5. Let v(f) = -14*f**2 - f. Let h(y) = -m(y) - 6*v(y). Give h(-11).
6
Let o(n) = n**3 - 12*n**2 + 20*n + 9. Let s be o(10). Let q(j) = 43*j**3 + 283 - 9*j**2 - 292 - 42*j**3 + s*j. Give q(8).
-1
Suppose 7*l = 72 - 23. Let o(f) = l*f - f**3 + 8*f**2 - 31*f + 14*f - 1 + 11*f. Give o(8).
7
Let f(d) = 46*d + 34. Let g(t) = 35*t + 35. Let v(h) = -3*f(h) + 4*g(h). Determine v(-28).
-18
Let y(x) = x**2 + 3*x**2 + 2*x + x**3 + 1 + 0. Let o = 162636 - 162640. What is y(o)?
-7
Let n = -55 + 55. Let l(t) be the second derivative of t**5/20 + t**3/3 - 3*t**2 + 45*t + 1. Determine l(n).
-6
Let p(g) = -4*g**2 - 10*g - 21. Let z(k) = -7*k**2 - 20*k - 49. Let m(s) = -9*p(s) + 5*z(s). Determine m(15).
19
Let a(w) = 12*w + 7. Let s(d) = -20*d - 13. Let q(o) = 9*a(o) + 5*s(o). Calculate q(3).
22
Let h be 4 + -2 + (-5 - -6). Suppose 4*q = -3*w + 8, h*w + 3 + 9 = 0. Let f(y) = -4*y**2 + 11*y**2 + 12*y - q*y + y**3 - 6. What is f(-6)?
-12
Let m(d) = 11*d - 30*d**3 + 31*d**3 - 24*d + 38 + 8*d**2 - 28*d**2 + 12*d. Calculate m(20).
18
Suppose 0 = -6*n - 0*n + 654. Let k = n + -107. Let u(i) = -2*i**2 + 4 + 3*i**2 - i - k*i. Give u(5).
14
Let q(u) = -u**2 - 19*u - 25. Let f = -7285 + 7283. What is q(f)?
9
Let r(o) = -o**2 + 6*o + 24. Let b be r(-2). Suppose -69 = b*m - 5. Let p(s) = s**2 + 5*s - 9. Give p(m).
15
Let q(g) be the second derivative of g**3/6 + 7*g**2/2 - 3*g. Let p be (-4)/6 + 434/(-42). Let r be (1 - -1) + p + 16. Give q(r).
14
Let y(p) = p**3 - 8*p**2 + 10*p - 9. Suppose -1768 = 4*j - 21*j. Let i be 380/65 - (-4)/j*4. Calculate y(i).
-21
Let x(q) = -q + 11. Let y(h) = 4*h + 31. Let a be y(-7). Suppose -j + 2*g = 7 + a, 5*g = j + 22. Let o(n) = -2*n**3 + 5*n + 2. Let z be o(j). Give x(z).
3
Let x(g) = 6*g + 57. Suppose 56*z - 24*z = 29*z - 33. Calculate x(z).
-9
Let m(v) = 2*v - 3*v - 22 + 158*v**2 - v**3 - 165*v**2 + 0*v**3 - 9*v. Let j = -365 + 359. What is m(j)?
2
Let v(c) = 5*c**3 + 3*c**2 + 8*c - 3. Let z(x) be the first derivative of 7*x**4/4 + x**3 + 9*x**2/2 - 2*x + 54. Let d(l) = -4*v(l) + 3*z(l). Calculate d(4).
2
Let v(k) be the second derivative of -25*k**3/6 - 61*k**2 - 922*k. What is v(-5)?
3
Suppose 12 + 12 = 4*r. Let p(m) = -22*m + 2. Let f(s) = -175*s + 13. Let y(a) = -3*f(a) + 24*p(a). What is y(r)?
-9
Let n(r) = 2*r - 17. Suppose 102 = 39*j - 33*j. What is n(j)?
17
Suppose 17*h = 4*h - 3*h - 64. Let q(w) = 19*w + 3. Let n(x) = -13*x - 2. Let m(s) = 8*n(s) + 5*q(s). Calculate m(h).
35
Let k(y) = -y**2 + 2. Suppose 22*l - 27*l - 106*l - 222 = 0. Calculate k(l).
-2
Let u(n) be the third derivative of n**6/120 + n**5/15 - n**4/6 - n**3/2 + 2200*n**2. Let d = -12 - -9. What is u(d)?
18
Let p(w) be the third derivative of 1/120*w**6 + 7/60*w**5 + 7/24*w**4 + 14 - 8*w**2 + 0*w**3 + 0*w. Calculate p(-6).
-6
Let n(j) = -5*j**2. Let y(w) = w**3 - 15*w**2 + 27*w - 9. Suppose p - 5*h + 7 = 0, -2*p + 6*p + 4*h = 68. Let f be y(p). Suppose 0 = 2*c - f. Calculate n(c).
-20
Let v(z) = z**2 - z + 21. Let p(r) be the second derivative of 3*r**3/2 - 117*r**2/2 + 68*r. Let l be p(13). Give v(l).
21
Let w(a) be the second derivative of 3/2*a**2 - 1/6*a**4 - 79*a + 0 + 2/3*a**3. Calculate w(3).
-3
Let q(b) = -36*b - 18. Let t(j) = -56*j - 27. Let p(d) = -8*q(d) + 5*t(d). Give p(3).
33
Let v(x) = -18626*x**2 - 4*x**3 + 5*x**3 + 18619*x**2 - 9. Give v(4).
-57
Let w(l) be the second derivative of l**6/360 + l**5/40 - l**4/12 - 50*l**3/3 - 2*l - 35. Let g(a) be the second derivative of w(a). Determine g(-3).
-2
Let q(c) = 37 - 24 + 47*c**2 - 29 + 4*c + 43 - 31. Determine q(1).
47
Let h(o) = -o**3 - 4*o**2 + 4*o - 2. Let s be h(-5). Let k = s + -2. Let t = 9 - k. Let l(v) = -v**2 + 9*v - 4. Calculate l(t).
4
Let n(f) be the first derivative of f**2/2 - 8*f - 4. Let l(m) = m**2 - 31*m - 625. Let a be l(45). Determine n(a).
-3
Let n(x) = -x**2 + 3*x - 1. Let g = 3 + -94. Let z be 2*((-1)/(-3) - g/42). Let k(d) = d**2 - 2*d. Let q(a) = z*k(a) + 6*n(a). Determine q(4).
10
Let z(k) = 3*k**2 + 2 - 4*k**2 + 1 - 5*k. Suppose -o - n = -13*o - 63, -o + 5*n + 39 = 0. Give z(o).
-3
Let r(u) be the third derivative of 0*u - 159*u**2 - 7/6*u**3 - 1/12*u**4 + 0. Give r(-4).
1
Let a = 3 - 10. Suppose 0 = 8*z - 326 + 286. Let x(r) = 0*r**3 - 3*r**2 + r**3 - z - 3*r + r**2 + 8*r**2 - 4*r. Determine x(a).
-5
Suppose 41*j = 17*j + 480. Let t(r) = -24 + r + 8 + 2 + j. Let y be (5/2)/(2/(-4)). What is t(y)?
1
Let o = 444 + -424. Let h(d) = d**3 - 20*d**2 - 2*d + 39. What is h(o)?
-1
Suppose -3*c + 10 = -c. Suppose -24 = -5*j - 3*g, -2*g + 16 = c*j - 10. Let i(x) = -3*x + 13. Calculate i(j).
-5
Let n(k) = k**2 + k + 4. Let g be n(-3). Suppose -6*u = -8 - g. Let i(r) = -r. Let d(q) = 5*q + 2. Let o(y) = d(y) + 6*i(y). Determine o(u).
-1
Let n = -20228 - -20221. Let l(w) be the third derivative of w**5/60 - w**4/24 + w**3/3 + 2*w**2. Let q(i) be the first derivative of l(i). What is q(n)?
-15
Let k(d) be the s